{"id":988646,"date":"2023-12-29T09:26:27","date_gmt":"2023-12-29T09:26:27","guid":{"rendered":"https:\/\/innovecouture.vamtam.com\/?page_id=732"},"modified":"2023-12-29T09:26:27","modified_gmt":"2023-12-29T09:26:27","slug":"order-status","status":"publish","type":"page","link":"https:\/\/ozeano.es\/?page_id=988646","title":{"rendered":"Order status"},"content":{"rendered":"\t\t<div data-elementor-type=\"wp-page\" data-elementor-id=\"988646\" class=\"elementor elementor-988646\" data-elementor-post-type=\"page\">\n\t\t\t\t<div class=\"elementor-element elementor-element-43c5ee3 e-flex e-con-boxed e-con e-parent\" data-id=\"43c5ee3\" data-element_type=\"container\">\n\t\t\t\t\t<div class=\"e-con-inner\">\n\t\t\t\t<div class=\"elementor-element elementor-element-a96a90d elementor-widget elementor-widget-text-editor\" data-id=\"a96a90d\" data-element_type=\"widget\" data-widget_type=\"text-editor.default\">\n\t\t\t\t\t\t\t\t\t<p>Want to track or cancel your order? Enter the order number and email address used for the order you wish to track or cancel. If it\u2019s still within the 30-minute remorse period, select \u2018Cancel Order\u2019 once directed to the Track Page.<\/p>\t\t\t\t\t\t\t\t<\/div>\n\t\t\t\t<div class=\"elementor-element elementor-element-0508bce elementor-widget__width-initial elementor-widget-mobile__width-inherit elementor-widget elementor-widget-wc-elements\" data-id=\"0508bce\" data-element_type=\"widget\" data-widget_type=\"wc-elements.default\">\n\t\t\t\t<div class=\"elementor-widget-container\">\n\t\t\t\t\t<div class=\"woocommerce\">\n<form action=\"https:\/\/ozeano.es\/?page_id=988646\" method=\"post\" class=\"woocommerce-form woocommerce-form-track-order track_order\">\n\n\t\n\t<p>Para hacer seguimiento de tu pedido, por favor introduce el ID de tu pedido en el cuadro de abajo y pulsa el bot\u00f3n \u00abSeguir\u00bb. Esto se envi\u00f3 en tu recibo y en el correo electr\u00f3nico de confirmaci\u00f3n que deber\u00edas haber recibido.<\/p>\n\n\t<p class=\"form-row form-row-first\"><label for=\"orderid\">ID de pedido<\/label> <input class=\"input-text\" type=\"text\" name=\"orderid\" id=\"orderid\" value=\"\" placeholder=\"Se encuentra en tu correo electr\u00f3nico de confirmaci\u00f3n de pedido.\" \/><\/p>\t<p class=\"form-row form-row-last\"><label for=\"order_email\">Correo electr\u00f3nico de facturaci\u00f3n<\/label> <input class=\"input-text\" type=\"text\" name=\"order_email\" id=\"order_email\" value=\"\" placeholder=\"El correo electr\u00f3nico que utilizaste durante el pago.\" \/><\/p>\t<div class=\"clear\"><\/div>\n\n\t\n\t<p class=\"form-row\"><button type=\"submit\" class=\"button\" name=\"track\" value=\"Seguir\">Seguir<\/button><\/p>\n\t<input type=\"hidden\" id=\"woocommerce-order-tracking-nonce\" name=\"woocommerce-order-tracking-nonce\" value=\"8a1424fc67\" \/><input type=\"hidden\" name=\"_wp_http_referer\" value=\"\/index.php?rest_route=%2Fwp%2Fv2%2Fpages%2F988646\" \/>\n\t\n<\/form>\n<\/div>\t\t\t\t<\/div>\n\t\t\t\t<\/div>\n\t\t\t\t\t<\/div>\n\t\t\t\t<\/div>\n\t\t\t\t<\/div>\n\t\t","protected":false},"excerpt":{"rendered":"<p>Track your order<\/p>\n","protected":false},"author":1,"featured_media":0,"parent":0,"menu_order":0,"comment_status":"closed","ping_status":"closed","template":"","meta":{"om_disable_all_campaigns":false,"_monsterinsights_skip_tracking":false,"_monsterinsights_sitenote_active":false,"_monsterinsights_sitenote_note":"","_monsterinsights_sitenote_category":0,"footnotes":""},"class_list":["post-988646","page","type-page","status-publish","hentry"],"yoast_head":"<!-- This site is optimized with the Yoast SEO plugin v25.5 - https:\/\/yoast.com\/wordpress\/plugins\/seo\/ -->\n<title>Order status - ozeano<\/title>\n<meta name=\"robots\" content=\"index, follow, max-snippet:-1, max-image-preview:large, max-video-preview:-1\" \/>\n<link rel=\"canonical\" href=\"https:\/\/ozeano.es\/?page_id=988646\" \/>\n<meta property=\"og:locale\" content=\"es_ES\" \/>\n<meta property=\"og:type\" content=\"article\" \/>\n<meta property=\"og:title\" content=\"Order status - ozeano\" \/>\n<meta property=\"og:description\" content=\"Track your order\" \/>\n<meta property=\"og:url\" content=\"https:\/\/ozeano.es\/?page_id=988646\" \/>\n<meta property=\"og:site_name\" content=\"ozeano\" \/>\n<meta name=\"twitter:card\" content=\"summary_large_image\" \/>\n<script type=\"application\/ld+json\" class=\"yoast-schema-graph\">{\"@context\":\"https:\/\/schema.org\",\"@graph\":[{\"@type\":\"WebPage\",\"@id\":\"https:\/\/ozeano.es\/?page_id=988646\",\"url\":\"https:\/\/ozeano.es\/?page_id=988646\",\"name\":\"Order status - ozeano\",\"isPartOf\":{\"@id\":\"https:\/\/ozeano.es\/#website\"},\"datePublished\":\"2023-12-29T09:26:27+00:00\",\"breadcrumb\":{\"@id\":\"https:\/\/ozeano.es\/?page_id=988646#breadcrumb\"},\"inLanguage\":\"es\",\"potentialAction\":[{\"@type\":\"ReadAction\",\"target\":[\"https:\/\/ozeano.es\/?page_id=988646\"]}]},{\"@type\":\"BreadcrumbList\",\"@id\":\"https:\/\/ozeano.es\/?page_id=988646#breadcrumb\",\"itemListElement\":[{\"@type\":\"ListItem\",\"position\":1,\"name\":\"Home\",\"item\":\"https:\/\/ozeano.es\/\"},{\"@type\":\"ListItem\",\"position\":2,\"name\":\"Order status\"}]},{\"@type\":\"WebSite\",\"@id\":\"https:\/\/ozeano.es\/#website\",\"url\":\"https:\/\/ozeano.es\/\",\"name\":\"ozeano\",\"description\":\"Marca de Ropa de surf\",\"publisher\":{\"@id\":\"https:\/\/ozeano.es\/#organization\"},\"potentialAction\":[{\"@type\":\"SearchAction\",\"target\":{\"@type\":\"EntryPoint\",\"urlTemplate\":\"https:\/\/ozeano.es\/?s={search_term_string}\"},\"query-input\":{\"@type\":\"PropertyValueSpecification\",\"valueRequired\":true,\"valueName\":\"search_term_string\"}}],\"inLanguage\":\"es\"},{\"@type\":\"Organization\",\"@id\":\"https:\/\/ozeano.es\/#organization\",\"name\":\"ozeano\",\"url\":\"https:\/\/ozeano.es\/\",\"logo\":{\"@type\":\"ImageObject\",\"inLanguage\":\"es\",\"@id\":\"https:\/\/ozeano.es\/#\/schema\/logo\/image\/\",\"url\":\"https:\/\/ozeano.es\/wp-content\/uploads\/2022\/09\/cropped-OZEANO-LETRA-Y-LOGO.png\",\"contentUrl\":\"https:\/\/ozeano.es\/wp-content\/uploads\/2022\/09\/cropped-OZEANO-LETRA-Y-LOGO.png\",\"width\":1541,\"height\":509,\"caption\":\"ozeano\"},\"image\":{\"@id\":\"https:\/\/ozeano.es\/#\/schema\/logo\/image\/\"},\"sameAs\":[\"https:\/\/www.instagram.com\/ozeano_\/\"]}]}<\/script>\n<!-- \/ Yoast SEO plugin. -->","yoast_head_json":{"title":"Order status - ozeano","robots":{"index":"index","follow":"follow","max-snippet":"max-snippet:-1","max-image-preview":"max-image-preview:large","max-video-preview":"max-video-preview:-1"},"canonical":"https:\/\/ozeano.es\/?page_id=988646","og_locale":"es_ES","og_type":"article","og_title":"Order status - ozeano","og_description":"Track your order","og_url":"https:\/\/ozeano.es\/?page_id=988646","og_site_name":"ozeano","twitter_card":"summary_large_image","schema":{"@context":"https:\/\/schema.org","@graph":[{"@type":"WebPage","@id":"https:\/\/ozeano.es\/?page_id=988646","url":"https:\/\/ozeano.es\/?page_id=988646","name":"Order status - ozeano","isPartOf":{"@id":"https:\/\/ozeano.es\/#website"},"datePublished":"2023-12-29T09:26:27+00:00","breadcrumb":{"@id":"https:\/\/ozeano.es\/?page_id=988646#breadcrumb"},"inLanguage":"es","potentialAction":[{"@type":"ReadAction","target":["https:\/\/ozeano.es\/?page_id=988646"]}]},{"@type":"BreadcrumbList","@id":"https:\/\/ozeano.es\/?page_id=988646#breadcrumb","itemListElement":[{"@type":"ListItem","position":1,"name":"Home","item":"https:\/\/ozeano.es\/"},{"@type":"ListItem","position":2,"name":"Order status"}]},{"@type":"WebSite","@id":"https:\/\/ozeano.es\/#website","url":"https:\/\/ozeano.es\/","name":"ozeano","description":"Marca de Ropa de surf","publisher":{"@id":"https:\/\/ozeano.es\/#organization"},"potentialAction":[{"@type":"SearchAction","target":{"@type":"EntryPoint","urlTemplate":"https:\/\/ozeano.es\/?s={search_term_string}"},"query-input":{"@type":"PropertyValueSpecification","valueRequired":true,"valueName":"search_term_string"}}],"inLanguage":"es"},{"@type":"Organization","@id":"https:\/\/ozeano.es\/#organization","name":"ozeano","url":"https:\/\/ozeano.es\/","logo":{"@type":"ImageObject","inLanguage":"es","@id":"https:\/\/ozeano.es\/#\/schema\/logo\/image\/","url":"https:\/\/ozeano.es\/wp-content\/uploads\/2022\/09\/cropped-OZEANO-LETRA-Y-LOGO.png","contentUrl":"https:\/\/ozeano.es\/wp-content\/uploads\/2022\/09\/cropped-OZEANO-LETRA-Y-LOGO.png","width":1541,"height":509,"caption":"ozeano"},"image":{"@id":"https:\/\/ozeano.es\/#\/schema\/logo\/image\/"},"sameAs":["https:\/\/www.instagram.com\/ozeano_\/"]}]}},"jetpack_sharing_enabled":true,"_links":{"self":[{"href":"https:\/\/ozeano.es\/index.php?rest_route=\/wp\/v2\/pages\/988646","targetHints":{"allow":["GET"]}}],"collection":[{"href":"https:\/\/ozeano.es\/index.php?rest_route=\/wp\/v2\/pages"}],"about":[{"href":"https:\/\/ozeano.es\/index.php?rest_route=\/wp\/v2\/types\/page"}],"author":[{"embeddable":true,"href":"https:\/\/ozeano.es\/index.php?rest_route=\/wp\/v2\/users\/1"}],"replies":[{"embeddable":true,"href":"https:\/\/ozeano.es\/index.php?rest_route=%2Fwp%2Fv2%2Fcomments&post=988646"}],"version-history":[{"count":0,"href":"https:\/\/ozeano.es\/index.php?rest_route=\/wp\/v2\/pages\/988646\/revisions"}],"wp:attachment":[{"href":"https:\/\/ozeano.es\/index.php?rest_route=%2Fwp%2Fv2%2Fmedia&parent=988646"}],"curies":[{"name":"wp","href":"https:\/\/api.w.org\/{rel}","templated":true}]}}